 + s. Is b a composite number?
False
Let d be 2/9 + (-152)/36. Is 2*(3 + d) - -133 a prime number?
True
Suppose 2*y = 2*a + 2*a - 2308, 5*a + y = 2899. Suppose -3*p - 4*b + a + 434 = 0, 0 = 2*b + 2. Is p a composite number?
True
Suppose -3*u = o - 393, -u - 2*o - o = -123. Suppose -134*d + 3554 = -u*d. Is d a composite number?
False
Suppose -4*l = -0 - 16. Suppose r + 231 = 3*y + l*r, r - 231 = -3*y. Is y a composite number?
True
Suppose -2*p - 2*p + 1792 = 0. Suppose 93 = -b + p. Is b composite?
True
Let k(d) = 4*d - 9. Let u be k(3). Suppose 4*p + 605 = -u*n + 4431, 0 = 5*p - 4*n - 4767. Is p a prime number?
False
Let s = 934 + -557. Is s composite?
True
Suppose -q = 4*d - 1521 - 4605, 0 = 5*d + 4*q - 7663. Is d composite?
False
Suppose 2*p - w = -5 + 4, -3*w + 3 = 0. Suppose -13*c + 10*c = p. Suppose c = -6*s + s + 275. Is s composite?
True
Let j(g) be the third derivative of -g**6/120 - 2*g**5/15 - g**4/24 + 2*g**3/3 - 10*g**2. Let q be j(-7). Let p = 21 - q. Is p composite?
False
Let d(b) = -b**3 - b**2 - 10*b + 3083. Is d(0) composite?
False
Let w be ((-7)/(-21))/((-1)/(-1131)). Let x = -67 + w. Let c = 501 - x. Is c a composite number?
False
Let b be 13/(-13) - (0 + 0 - 1). Is b + 1113 + 32/8 composite?
False
Suppose 3*t = -0*n + 2*n, 0 = -5*t - 5*n + 25. Let f = -22 - t. Let o = 119 - f. Is o a prime number?
False
Let y(k) = -k**3 + 8*k**2 - k + 11. Let x be y(8). Suppose 0 = x*p + 12, -5*p + 4*p - 9727 = -3*i. Is i prime?
False
Let v be ((-9)/6)/((14/(-4))/7). Suppose 36945 = 6*p + v*p. Is p a composite number?
True
Let b(p) = -92*p - 5. Suppose 0 = 8*a - 3*a + 25. Let o be b(a). Suppose -o = -5*k + 500. Is k prime?
True
Let j(v) be the second derivative of v**6/120 - v**5/20 - v**4/24 + 2*v**3/3 + v. Let y(o) be the second derivative of j(o). Is y(8) a prime number?
False
Suppose -14 = -4*m - 6. Suppose 3*w + 0*v = -v + 98, -4*w + 130 = m*v. Is w a prime number?
False
Suppose 105*k = 106*k - 3205. Is k prime?
False
Is ((-9133)/2)/((-12)/24) a prime number?
True
Let o(k) = -1 + 368*k + 0 + k. Is o(2) composite?
True
Let r(k) be the second derivative of k**4 + k**3/6 - 11*k**2 + 18*k. Is r(11) prime?
False
Suppose -5*i + 6*n + 213919 = 2*n, -2*i = -2*n - 85566. Is i prime?
True
Let f(w) = 209*w**2 + w - 1. Let h be (1 + 2/(-4))*2. Is f(h) prime?
False
Suppose 4*m - 368 = -z, 2*m + 3*z + 2*z = 202. Suppose -g + 72 = -4*g - 3*q, g + 16 = q. Let s = g + m. Is s a composite number?
False
Suppose -14*l = 562 + 1174. Let c = 645 + l. Is c composite?
False
Let b = -56856 + 97019. Is b composite?
False
Let o(c) = -542*c - 1. Suppose 2*v + 22 = 7*h - 2*h, -h + 4 = 0. Is o(v) a prime number?
True
Suppose -34 = -2*u + 16. Suppose -14 = -r + u. Is r prime?
False
Suppose 0 = 4*n + 2*w - 6, 2*w = -5 + 3. Let y be -12*8*n/3. Is 10/(-30) + y/(-3) composite?
True
Let h be 6/2 + (-31 - -35). Let u(x) = 278*x - 81. Is u(h) a composite number?
True
Let a = 29 - 26. Suppose 1795 = 4*m + c, -3*c = a*m - 4*c - 1348. Is m a composite number?
False
Let i(q) be the first derivative of -q**3/3 + 29*q**2/2 - 67*q - 54. Is i(18) prime?
True
Let t(v) = 7*v**3 - 13*v**2 - 5. Let h be t(9). Suppose 23*g = 28*g - h. Is g a prime number?
True
Let n(q) = 211*q + 8. Suppose -7*d = -4*d - 9. Is n(d) a prime number?
True
Suppose -2*b + 3*b = 4. Let c(t) = -51*t - 6 + b - 4 + 8. Is c(-5) a composite number?
False
Let u(x) be the third derivative of -x**6/120 - 11*x**5/60 - x**4/12 + 17*x**3/6 + x**2 + 31*x. Is u(-14) prime?
False
Is 8013/(5*12/20) a prime number?
True
Let n(j) = j**3 - 32*j**2 - 66*j - 37. Is n(34) prime?
True
Suppose -4*o + o + 215 = -q, -2*q + 5*o - 431 = 0. Let v be q + (2 + 0 - -1). Is ((-1)/1)/(1/v) a composite number?
True
Suppose -3 - 13 = -4*j, -2*t + 2*j + 1512 = 0. Let c = -125 + t. Is c a prime number?
False
Is 17/(187/(-2)) - 255345/(-11) a composite number?
True
Let o(r) = -r**2 - 3. Let y be o(2). Let v = y - -17. Let k(n) = 32*n - 1. Is k(v) prime?
False
Suppose -17*a + 0*a + 581927 = 0. Is a prime?
True
Let u(w) = -w**3 + 26*w**2 + 37*w - 54. Let l be u(26). Suppose -2*o = -l - 2658. Is o composite?
False
Let a(f) = -f**2 - 5*f - 6. Let b be a(-6). Let h = 3 + b. Let k(g) = -22*g + 11. Is k(h) a prime number?
False
Suppose 92237 = 34*p - 1434669. Is p composite?
False
Suppose 0*x = 4*x - 32. Suppose -p = p + x. Is -3*p/(24/382) a prime number?
True
Suppose -3*v + 32 = -0*v - 5*k, -2*v - 3*k + 34 = 0. Suppose -v*y = -5*y - 9351. Is y a prime number?
True
Let w be 1/(5/60*-3). Is (w/6 - (-2090)/3) + 2 prime?
False
Let d(g) = -29*g**3 + 4*g**2 - g - 3. Let o(y) = 29*y**3 - 4*y**2 + 2. Let t(x) = -4*d(x) - 5*o(x). Is t(-3) prime?
True
Suppose -70 - 14 = g. Let w = -35 - g. Is w a prime number?
False
Let u(i) be the second derivative of i**5/20 + i**4/12 - i**3/3 + i**2 - 4*i. Let r be u(0). Suppose -3*p = r - 5, -p = -a + 54. Is a a composite number?
True
Is (14/70*-7754)/(4/(-10)) a prime number?
True
Let w = -1 + 4. Suppose 0*u + 6 = 2*u. Suppose -u*f = 6 + w, -f = 2*m - 835. Is m a prime number?
True
Let c = 15804 + 2042. Is c prime?
False
Let i be 36/8*2/3. Suppose 0 = -i*l - l - 4, -2*l - 14 = 3*k. Let b(o) = 3*o**2 - o - 3. Is b(k) composite?
True
Let s(k) be the second derivative of 17*k**7/2520 + k**6/144 + k**5/120 - k**4/12 - k. Let n(t) be the third derivative of s(t). Is n(4) a composite number?
False
Let w = 27 - 24. Suppose -2*g + 5 = -w. Suppose -4*n = 4*v - 648, n = -v + g*v - 482. Is v prime?
False
Let a(z) = z + 1. Let l(n) = 11*n - 7. Let i(m) = -3*a(m) + l(m). Suppose -4 = -5*f + 31. Is i(f) a prime number?
False
Let j = 5445 + 4204. Is j prime?
True
Suppose f = 4*h + 4, -3*h - 20 = -f - 4*f. Let o(t) = 13*t**2 - 4*t - 1. Is o(f) composite?
False
Let y = -10 - -8. Let p(m) = -216*m**3 + 2*m**2 - 3. Is p(y) a composite number?
False
Suppose -5 = 4*i - 21. Suppose -i*k + 42 = 10. Is (-27)/36 - (-1134)/k a prime number?
False
Let p be ((-7)/(21/(-12)))/1. Suppose 3 = -p*l + 7. Is 259/(1 - (l - 1)) a prime number?
False
Suppose 5*y - 5*q + 349 = 7*y, 4*q - 513 = -3*y. Is y prime?
True
Let o = 35 + -17. Suppose 16*q - o*q = -4106. Is q a prime number?
True
Suppose -763 = -7*u + 406. Let h = u - 46. Is h a composite number?
True
Suppose 0 = 5*a - 2683 - 3987. Let x = a - -999. Is x composite?
False
Suppose -3*d = -4*j + 8*j - 205, 0 = -4*j - 2*d + 202. Is j composite?
True
Let f = 129 + -89. Let d = 271 + f. Is d prime?
True
Let f = 915 - 76. Is f a composite number?
False
Suppose -2*j + 29630 = -4*s, -5*j + 59678 = 5*s - 14442. Is j composite?
False
Let n = 6377 - -9284. Is n prime?
True
Let m = 2 - 4. Let t be 0/m + 1 + 3. Is 213/4 + (-1)/t a composite number?
False
Suppose 4*d = 2479 + 5237. Is d composite?
True
Let q(o) = o - 11. Let i be q(5). Let a(x) = -x**2 - 7*x - 5. Let v be a(i). Is (0 + v)/((-6)/(-762)) composite?
False
Let p = -12 - -12. Suppose p = 5*i + 394 - 6279. Suppose g + 4*d = 6*g - 1485, d = 4*g - i. Is g a prime number?
True
Let c = -748 - -2145. Is c a prime number?
False
Let u(g) = -g**2 - g - 28. Let t be u(-23). Is ((-25)/15)/(2/t) composite?
True
Suppose 3*h - 171720 = t - 6*t, 2*t + 57229 = h. Is h composite?
True
Suppose 4*n = -3*w - 29, -4*w - 10 = 2*n + 22. Let i(l) = -l**3 + 2*l**2 + 10*l. Is i(w) prime?
False
Suppose 5*w + 9 = 19. Suppose -5*b + 30 = 3*f, -3*f - 5*b = -w*f - 20. Suppose 284 = f*t - 6. Is t prime?
False
Let u be (-1)/2 - 2070/(-4). Suppose 0*g + 4*i + 2164 = 4*g, 5*i = -g + u. Suppose g = 2*q - 225. Is q a composite number?
True
Is -9566*((-21)/14)/1 composite?
True
Let l be (-1674)/(-7) - (-2)/(-14). Suppose -n = 431 + l. Let k = -273 - n. Is k a composite number?
False
Suppose -9*o + 5 = -4*o + 5*r, -3*o + 3*r = -33. Let u(c) be the third derivative of 5*c**4/12 - 13*c**3/6 + c**2. Is u(o) composite?
False
Suppose -20 = -4*u - 0. Suppose -3*a + 7 - 1 = 5*c, u*c - 4*a + 8 = 0. Suppose n - 388 = -4*v, c*v + n - 97 = -v. Is v prime?
True
Suppose 18 = -5*n - 42. Let y be n/(-48) + (-31)/(-4). Let d(w) = 91*w + 15. Is d(y) a composite number?
False
Let v(h) = -991*h**3 + 2*h**2 - 2. Is v(-1) a prime number?
True
Let y be 0 - ((-8)/4 + 1). Let t be (-52)/(-10) + y/(-5). Is (t + 0)/((-2)/(-10)) a composite number?
True
Let x be 7 - (1/(-1))/(1/(-2)). Suppose -936 - 1309 = -x*y. Is y